{"id":5835,"date":"2023-07-24T10:53:48","date_gmt":"2023-07-24T08:53:48","guid":{"rendered":"https:\/\/www.bak.hr\/?post_type=nastavnici-suradnici&#038;p=5835"},"modified":"2024-11-26T10:38:50","modified_gmt":"2024-11-26T09:38:50","slug":"dr-sc-gabrijela-kisicek-docent","status":"publish","type":"nastavnici-suradnici","link":"https:\/\/www.bak.hr\/en\/nastavnici-suradnici\/dr-sc-gabrijela-kisicek-docent\/","title":{"rendered":"dr. sc. Gabrijela Ki\u0161i\u010dek, docent"},"content":{"rendered":"<p>Ro\u0111ena je 1977. u Vara\u017edinu gdje je zavr\u0161ila osnovnu i srednju \u0161kolu. Diplomirala je 2004. na Filozofskom fakultetu Sveu\u010dili\u0161ta u Zagrebu na Odsjeku za slavistiku i Odsjeku za fonetiku. Iste godine upisala je poslijediplomski znanstveni studij lingvistike, smjer fonetika. Od velja\u010de 2008. zaposlena je na Odsjeku za fonetiku Filozofskog fakulteta Zagreb, na Katedri za estetsku fonetiku i ortoepiju hrvatskoga jezika kao znanstveni novak-asistent. Iste godine obranila je kvalifikacijski rad pod nazivom &#8220;Usporedba \u017eenske i mu\u0161ke retorike&#8221; pod mentorstvom profesora emeritusa Ive \u0160kari\u0107a. U sije\u010dnju 2012. doktorirala je na temu Forenzi\u010dno profiliranje i prepoznavanje govornika gradskih varijeteta hrvatskoga jezika pod mentorstvom prof. dr. Gordane Varo\u0161anec-\u0160kari\u0107. Od 2012. do 2018. zaposlena je kao vi\u0161a asistentica, a 2018. izabrana u znanstveno-nastavno zvanje docenta.<\/p>\n\n\n\n<p>Autorica je knjiga Retorika i politika te Homo Politicus \u2013 Politi\u010dka retorika u teoriji i praksi za koju je nagra\u0111ena Godi\u0161njom nagradom Filozofskog fakulteta 2022.<br>Koautorica je knjige Retorika i dru\u0161tvo.<\/p>","protected":false},"featured_media":16934,"template":"","class_list":["post-5835","nastavnici-suradnici","type-nastavnici-suradnici","status-publish","has-post-thumbnail","hentry"],"acf":[],"_links":{"self":[{"href":"https:\/\/www.bak.hr\/en\/wp-json\/wp\/v2\/nastavnici-suradnici\/5835","targetHints":{"allow":["GET"]}}],"collection":[{"href":"https:\/\/www.bak.hr\/en\/wp-json\/wp\/v2\/nastavnici-suradnici"}],"about":[{"href":"https:\/\/www.bak.hr\/en\/wp-json\/wp\/v2\/types\/nastavnici-suradnici"}],"wp:featuredmedia":[{"embeddable":true,"href":"https:\/\/www.bak.hr\/en\/wp-json\/wp\/v2\/media\/16934"}],"wp:attachment":[{"href":"https:\/\/www.bak.hr\/en\/wp-json\/wp\/v2\/media?parent=5835"}],"curies":[{"name":"wp","href":"https:\/\/api.w.org\/{rel}","templated":true}]}}

dr. sc. Gabrijela Kišiček, docent

<p>Rođena je 1977. u Varaždinu gdje je završila osnovnu i srednju školu. Diplomirala je 2004. na Filozofskom fakultetu Sveučilišta u Zagrebu na Odsjeku za slavistiku i Odsjeku za fonetiku. Iste godine upisala je poslijediplomski znanstveni studij lingvistike, smjer fonetika. Od veljače 2008. zaposlena je na Odsjeku za fonetiku Filozofskog fakulteta Zagreb, na Katedri za estetsku fonetiku i ortoepiju hrvatskoga jezika kao znanstveni novak-asistent. Iste godine obranila je kvalifikacijski rad pod nazivom &#8220;Usporedba ženske i muške retorike&#8221; pod mentorstvom profesora emeritusa Ive Škarića. U siječnju 2012. doktorirala je na temu Forenzično profiliranje i prepoznavanje govornika gradskih varijeteta hrvatskoga jezika pod mentorstvom prof. dr. Gordane Varošanec-Škarić. Od 2012. do 2018. zaposlena je kao viša asistentica, a 2018. izabrana u znanstveno-nastavno zvanje docenta.</p>



<p>Autorica je knjiga Retorika i politika te Homo Politicus – Politička retorika u teoriji i praksi za koju je nagrađena Godišnjom nagradom Filozofskog fakulteta 2022.<br>Koautorica je knjige Retorika i društvo.</p>
