{"id":15861,"date":"2024-08-26T11:27:58","date_gmt":"2024-08-26T09:27:58","guid":{"rendered":"https:\/\/www.bak.hr\/?post_type=studijski-programi&#038;p=15861"},"modified":"2026-04-17T12:53:24","modified_gmt":"2026-04-17T10:53:24","slug":"primijenjene-poslovne-informatike","status":"publish","type":"studijski-programi","link":"https:\/\/www.bak.hr\/en\/studijski-programi\/primijenjene-informacijske-tehnologije\/","title":{"rendered":"Applied information technologies"},"content":{"rendered":"<h2 class=\"wp-block-heading has-white-color has-text-color has-background has-medium-font-size\" style=\"background:linear-gradient(135deg,rgb(12,46,97) 0%,rgb(117,165,248) 100%);font-style:normal;font-weight:700\">Why this study?<\/h2>\n\n\n\n<p>The graduate study in Applied Information Technology is designed to provide students with the advanced knowledge and skills needed to succeed in the dynamic IT sector. Through the integration of theory and practice, students will be trained to work with the latest technologies and methodologies, including machine learning, data security, big data management and software development.<\/p>\n\n\n\n<p>The study is conducted entirely online, which allows students flexibility in their learning by offering an optimal balance between studies and other commitments.<\/p>\n\n\n\n<p>The study allows students to specialize in specific areas of IT that are most interesting to them or most relevant to their career goals, whether it is software development, data analytics, IT project management, or information systems security.<\/p>\n\n\n\n<p>Graduates of this study will be well prepared for the job market, with competencies that are highly sought after in the industry. The IT sector is continuously growing, and the need for qualified experts in the field of applied information is greater than ever. This study opens the door to diverse career opportunities in the IT industry, both in Croatia and abroad.<\/p>\n\n\n\n<p>The Applied Information Technology study program places special emphasis on innovation, research, and development, encouraging students to apply their knowledge in creating new solutions that can improve business processes, enhance user experience, and contribute to the development of society.<\/p>\n\n\n\n<p>For any additional information about the study, feel free to contact the head of the study, dr. sc. Alisa Bilal Zori\u0107 at abilal@bak.hr<\/p>\n\n\n\n<figure class=\"wp-block-embed is-type-video is-provider-youtube wp-block-embed-youtube wp-embed-aspect-16-9 wp-has-aspect-ratio\"><div class=\"wp-block-embed__wrapper\">\n<iframe title=\"Primijenjene informacijske tehnologije - Stru\u010dni diplomski online studij\" width=\"800\" height=\"450\" src=\"https:\/\/www.youtube.com\/embed\/Rhfxc6ScoTk?feature=oembed\" frameborder=\"0\" allow=\"accelerometer; autoplay; clipboard-write; encrypted-media; gyroscope; picture-in-picture; web-share\" referrerpolicy=\"strict-origin-when-cross-origin\" allowfullscreen><\/iframe>\n<\/div><\/figure>\n\n\n\n<h2 class=\"wp-block-heading has-white-color has-text-color has-background has-medium-font-size\" style=\"background:linear-gradient(135deg,rgb(12,46,97) 0%,rgb(117,165,248) 100%);font-style:normal;font-weight:700\">About the programme<\/h2>\n\n\n\n<p>The main objective of the study program Information Technology Applications is to create professional, competent and qualified experts in the field of information technologies with an emphasis on theoretical and applied professional knowledge and skills. Through the integration of theory and practice, the study program encourages the development of analytical, design and implementation skills of students in order to prepare them for a successful career in the dynamic field of information technologies. In addition, the goal is to encourage critical thinking, the development of team spirit and continuous learning in order to prepare students for the challenges of the modern business environment.<\/p>\n\n\n\n<p><strong>General (generic) competencies that a student acquires upon completion of studies:<\/strong><\/p>\n\n\n\n<ul class=\"wp-block-list\">\n<li>proactiveness and innovative approach in business<\/li>\n\n\n\n<li>communication in the appropriate context and at adequate levels<\/li>\n\n\n\n<li>tendency towards collaboration and teamwork<\/li>\n\n\n\n<li>rational time management and adaptation to business situations<\/li>\n\n\n\n<li>communication and presentation skills in Croatian and English<\/li>\n\n\n\n<li>responsibility towards work and continuous improvement of one's skills and knowledge<\/li>\n\n\n\n<li>application of ethical principles and responsible business practices<\/li>\n<\/ul>\n\n\n\n<p><\/p>\n\n\n\n<p><strong>The professional competencies that a student acquires upon completion of the study are:<\/strong><\/p>\n\n\n\n<ul class=\"wp-block-list\">\n<li>apply fundamental concepts and technologies in information systems<\/li>\n\n\n\n<li>use various programming languages, tools and technologies relevant to information technology<\/li>\n\n\n\n<li>design and manage databases<\/li>\n\n\n\n<li>develop mobile applications<\/li>\n\n\n\n<li>analyze business problems and identify information technologies that can contribute to the solution<\/li>\n\n\n\n<li>know the process of analyzing data and making informed business decisions based on relevant information<\/li>\n\n\n\n<li>implement and adapt information systems according to business requirements, optimizing functionality<\/li>\n\n\n\n<li>develop software applications with a focus on business needs<\/li>\n\n\n\n<li>implement and maintain IT infrastructure, ensuring system stability and security<\/li>\n\n\n\n<li>apply modern project management methodologies<\/li>\n\n\n\n<li>use business intelligence tools and analytical techniques to interpret data and make business decisions<\/li>\n\n\n\n<li>apply security measures and practices to protect information from potential threats<\/li>\n<\/ul>\n\n\n\n<div style=\"height:100px\" aria-hidden=\"true\" class=\"wp-block-spacer\"><\/div>\n\n\n\n<h1 class=\"wp-block-heading has-white-color has-text-color has-background has-medium-font-size\" style=\"background:linear-gradient(135deg,rgb(20,71,125) 0%,rgb(0,194,255) 100%);font-style:normal;font-weight:700\">Doga\u0111anja na studiju<\/h1>\n\n\n\n<div class=\"wp-block-group is-layout-grid wp-container-core-group-is-layout-478b6e6b wp-block-group-is-layout-grid\">\n<figure class=\"wp-block-image size-large\"><a href=\"https:\/\/www.bak.hr\/en\/otvoreno-je-sedmo-izdanje-natjecaja-za-mlade-inovatore-student-digi-awards\/\"><img fetchpriority=\"high\" decoding=\"async\" width=\"1067\" height=\"800\" src=\"https:\/\/www.bak.hr\/wp-content\/uploads\/2026\/04\/DIGI-Awards-edited.jpg\" alt=\"\" class=\"wp-image-22151\" srcset=\"https:\/\/www.bak.hr\/wp-content\/uploads\/2026\/04\/DIGI-Awards-edited.jpg 1067w, https:\/\/www.bak.hr\/wp-content\/uploads\/2026\/04\/DIGI-Awards-edited-300x225.jpg 300w, https:\/\/www.bak.hr\/wp-content\/uploads\/2026\/04\/DIGI-Awards-edited-1024x768.jpg 1024w, https:\/\/www.bak.hr\/wp-content\/uploads\/2026\/04\/DIGI-Awards-edited-768x576.jpg 768w, https:\/\/www.bak.hr\/wp-content\/uploads\/2026\/04\/DIGI-Awards-edited-16x12.jpg 16w\" sizes=\"(max-width: 1067px) 100vw, 1067px\" \/><\/a><figcaption class=\"wp-element-caption\"><a href=\"https:\/\/www.bak.hr\/en\/otvoreno-je-sedmo-izdanje-natjecaja-za-mlade-inovatore-student-digi-awards\/\" data-type=\"link\" data-id=\"https:\/\/www.bak.hr\/otvoreno-je-sedmo-izdanje-natjecaja-za-mlade-inovatore-student-digi-awards\/\">Otvoreno je sedmo izdanje natje\u010daja za mlade inovatore Student Digi Awards!<\/a><\/figcaption><\/figure>\n\n\n\n<figure class=\"wp-block-image size-full\"><a href=\"https:\/\/www.bak.hr\/en\/dani-karijera-2026-na-veleucilistu-baltazar-zapresic-ljudi-kao-snaga-organizacije\/\"><img decoding=\"async\" width=\"2560\" height=\"1920\" src=\"https:\/\/www.bak.hr\/wp-content\/uploads\/2026\/04\/P2273487-edited-scaled.jpg\" alt=\"\" class=\"wp-image-22149\" srcset=\"https:\/\/www.bak.hr\/wp-content\/uploads\/2026\/04\/P2273487-edited-scaled.jpg 2560w, https:\/\/www.bak.hr\/wp-content\/uploads\/2026\/04\/P2273487-edited-300x225.jpg 300w, https:\/\/www.bak.hr\/wp-content\/uploads\/2026\/04\/P2273487-edited-1024x768.jpg 1024w, https:\/\/www.bak.hr\/wp-content\/uploads\/2026\/04\/P2273487-edited-768x576.jpg 768w, https:\/\/www.bak.hr\/wp-content\/uploads\/2026\/04\/P2273487-edited-1536x1152.jpg 1536w, https:\/\/www.bak.hr\/wp-content\/uploads\/2026\/04\/P2273487-edited-2048x1536.jpg 2048w, https:\/\/www.bak.hr\/wp-content\/uploads\/2026\/04\/P2273487-edited-16x12.jpg 16w\" sizes=\"(max-width: 2560px) 100vw, 2560px\" \/><\/a><figcaption class=\"wp-element-caption\"><a href=\"https:\/\/www.bak.hr\/en\/dani-karijera-2026-na-veleucilistu-baltazar-zapresic-ljudi-kao-snaga-organizacije\/\">Dani karijera 2026. na Veleu\u010dili\u0161tu Baltazar Zapre\u0161i\u0107 \u2013 Ljudi kao snaga organizacije!<\/a><\/figcaption><\/figure>\n\n\n\n<figure class=\"wp-block-image size-full\"><a href=\"https:\/\/www.bak.hr\/en\/sudjelovanje-na-partnerskoj-medunarodnoj-studentskoj-konferenciji-skei-2026-oblikovanje-odrzive-buducnosti-znanje-inovacije-i-odgovornost\/\"><img decoding=\"async\" width=\"443\" height=\"332\" src=\"https:\/\/www.bak.hr\/wp-content\/uploads\/2026\/04\/SKEI-2026-edited.png\" alt=\"\" class=\"wp-image-22148\" srcset=\"https:\/\/www.bak.hr\/wp-content\/uploads\/2026\/04\/SKEI-2026-edited.png 443w, https:\/\/www.bak.hr\/wp-content\/uploads\/2026\/04\/SKEI-2026-edited-300x225.png 300w, https:\/\/www.bak.hr\/wp-content\/uploads\/2026\/04\/SKEI-2026-edited-16x12.png 16w\" sizes=\"(max-width: 443px) 100vw, 443px\" \/><\/a><figcaption class=\"wp-element-caption\"><a href=\"https:\/\/www.bak.hr\/en\/sudjelovanje-na-partnerskoj-medunarodnoj-studentskoj-konferenciji-skei-2026-oblikovanje-odrzive-buducnosti-znanje-inovacije-i-odgovornost\/\">Od informacija do kompetencija: Obrazovanje koje projektne menad\u017eere priprema za budu\u0107nost.<\/a><\/figcaption><\/figure>\n\n\n\n<figure class=\"wp-block-image size-full wp-container-content-9d5fa06b\"><a href=\"https:\/\/www.bak.hr\/en\/tvoja-ulaznica-za-avanturu-zasto-bi-bas-ti-trebao-izabrati-erasmus\/\"><img loading=\"lazy\" decoding=\"async\" width=\"1587\" height=\"1190\" src=\"https:\/\/www.bak.hr\/wp-content\/uploads\/2026\/04\/Erasmus-poster-edited.png\" alt=\"\" class=\"wp-image-22147\" srcset=\"https:\/\/www.bak.hr\/wp-content\/uploads\/2026\/04\/Erasmus-poster-edited.png 1587w, https:\/\/www.bak.hr\/wp-content\/uploads\/2026\/04\/Erasmus-poster-edited-300x225.png 300w, https:\/\/www.bak.hr\/wp-content\/uploads\/2026\/04\/Erasmus-poster-edited-1024x768.png 1024w, https:\/\/www.bak.hr\/wp-content\/uploads\/2026\/04\/Erasmus-poster-edited-768x576.png 768w, https:\/\/www.bak.hr\/wp-content\/uploads\/2026\/04\/Erasmus-poster-edited-1536x1152.png 1536w, https:\/\/www.bak.hr\/wp-content\/uploads\/2026\/04\/Erasmus-poster-edited-16x12.png 16w\" sizes=\"(max-width: 1587px) 100vw, 1587px\" \/><\/a><figcaption class=\"wp-element-caption\"><a href=\"https:\/\/www.bak.hr\/en\/tvoja-ulaznica-za-avanturu-zasto-bi-bas-ti-trebao-izabrati-erasmus\/\">Tvoja ulaznica za avanturu: za\u0161to bi ba\u0161 TI trebao izabrati Erasmus+&nbsp;<\/a><\/figcaption><\/figure>\n\n\n\n<figure class=\"wp-block-image size-full wp-container-content-9d5fa06b\"><a href=\"https:\/\/www.bak.hr\/en\/dan-otvorenih-vrata-u-poduzecu-apis-it-d-o-o\/\"><img loading=\"lazy\" decoding=\"async\" width=\"1080\" height=\"810\" src=\"https:\/\/www.bak.hr\/wp-content\/uploads\/2026\/04\/APIS-IT_Dan-otvorenih-vrata_14.11.2025_Agenda-1-edited.jpg\" alt=\"\" class=\"wp-image-22153\" srcset=\"https:\/\/www.bak.hr\/wp-content\/uploads\/2026\/04\/APIS-IT_Dan-otvorenih-vrata_14.11.2025_Agenda-1-edited.jpg 1080w, https:\/\/www.bak.hr\/wp-content\/uploads\/2026\/04\/APIS-IT_Dan-otvorenih-vrata_14.11.2025_Agenda-1-edited-300x225.jpg 300w, https:\/\/www.bak.hr\/wp-content\/uploads\/2026\/04\/APIS-IT_Dan-otvorenih-vrata_14.11.2025_Agenda-1-edited-1024x768.jpg 1024w, https:\/\/www.bak.hr\/wp-content\/uploads\/2026\/04\/APIS-IT_Dan-otvorenih-vrata_14.11.2025_Agenda-1-edited-768x576.jpg 768w, https:\/\/www.bak.hr\/wp-content\/uploads\/2026\/04\/APIS-IT_Dan-otvorenih-vrata_14.11.2025_Agenda-1-edited-16x12.jpg 16w\" sizes=\"(max-width: 1080px) 100vw, 1080px\" \/><\/a><figcaption class=\"wp-element-caption\"><a href=\"https:\/\/www.bak.hr\/en\/dan-otvorenih-vrata-u-poduzecu-apis-it-d-o-o\/\">Dan otvorenih vrata u poduze\u0107u APIS IT d.o.o.<\/a><\/figcaption><\/figure>\n<\/div>","protected":false},"featured_media":21613,"template":"","class_list":["post-15861","studijski-programi","type-studijski-programi","status-publish","has-post-thumbnail","hentry"],"acf":[],"_links":{"self":[{"href":"https:\/\/www.bak.hr\/en\/wp-json\/wp\/v2\/studijski-programi\/15861","targetHints":{"allow":["GET"]}}],"collection":[{"href":"https:\/\/www.bak.hr\/en\/wp-json\/wp\/v2\/studijski-programi"}],"about":[{"href":"https:\/\/www.bak.hr\/en\/wp-json\/wp\/v2\/types\/studijski-programi"}],"wp:featuredmedia":[{"embeddable":true,"href":"https:\/\/www.bak.hr\/en\/wp-json\/wp\/v2\/media\/21613"}],"wp:attachment":[{"href":"https:\/\/www.bak.hr\/en\/wp-json\/wp\/v2\/media?parent=15861"}],"curies":[{"name":"wp","href":"https:\/\/api.w.org\/{rel}","templated":true}]}}

<h2 class="wp-block-heading has-white-color has-text-color has-background has-medium-font-size" style="background:linear-gradient(135deg,rgb(12,46,97) 0%,rgb(117,165,248) 100%);font-style:normal;font-weight:700">Why this study?</h2>



<p>The graduate study in Applied Information Technology is designed to provide students with the advanced knowledge and skills needed to succeed in the dynamic IT sector. Through the integration of theory and practice, students will be trained to work with the latest technologies and methodologies, including machine learning, data security, big data management and software development.</p>



<p>The study is conducted entirely online, which allows students flexibility in their learning by offering an optimal balance between studies and other commitments.</p>



<p>The study allows students to specialize in specific areas of IT that are most interesting to them or most relevant to their career goals, whether it is software development, data analytics, IT project management, or information systems security.</p>



<p>Graduates of this study will be well prepared for the job market, with competencies that are highly sought after in the industry. The IT sector is continuously growing, and the need for qualified experts in the field of applied information is greater than ever. This study opens the door to diverse career opportunities in the IT industry, both in Croatia and abroad.</p>



<p>The Applied Information Technology study program places special emphasis on innovation, research, and development, encouraging students to apply their knowledge in creating new solutions that can improve business processes, enhance user experience, and contribute to the development of society.</p>



<p>For any additional information about the study, feel free to contact the head of the study, dr. sc. Alisa Bilal Zorić at abilal@bak.hr</p>



<figure class="wp-block-embed is-type-video is-provider-youtube wp-block-embed-youtube wp-embed-aspect-16-9 wp-has-aspect-ratio"><div class="wp-block-embed__wrapper">
<iframe title="Primijenjene informacijske tehnologije - Stručni diplomski online studij" width="800" height="450" src="https://www.youtube.com/embed/Rhfxc6ScoTk?feature=oembed" frameborder="0" allow="accelerometer; autoplay; clipboard-write; encrypted-media; gyroscope; picture-in-picture; web-share" referrerpolicy="strict-origin-when-cross-origin" allowfullscreen></iframe>
</div></figure>



<h2 class="wp-block-heading has-white-color has-text-color has-background has-medium-font-size" style="background:linear-gradient(135deg,rgb(12,46,97) 0%,rgb(117,165,248) 100%);font-style:normal;font-weight:700">About the programme</h2>



<p>The main objective of the study program Information Technology Applications is to create professional, competent and qualified experts in the field of information technologies with an emphasis on theoretical and applied professional knowledge and skills. Through the integration of theory and practice, the study program encourages the development of analytical, design and implementation skills of students in order to prepare them for a successful career in the dynamic field of information technologies. In addition, the goal is to encourage critical thinking, the development of team spirit and continuous learning in order to prepare students for the challenges of the modern business environment.</p>



<p><strong>General (generic) competencies that a student acquires upon completion of studies:</strong></p>



<ul class="wp-block-list">
<li>proactiveness and innovative approach in business</li>



<li>communication in the appropriate context and at adequate levels</li>



<li>tendency towards collaboration and teamwork</li>



<li>rational time management and adaptation to business situations</li>



<li>communication and presentation skills in Croatian and English</li>



<li>responsibility towards work and continuous improvement of one's skills and knowledge</li>



<li>application of ethical principles and responsible business practices</li>
</ul>



<p></p>



<p><strong>The professional competencies that a student acquires upon completion of the study are:</strong></p>



<ul class="wp-block-list">
<li>apply fundamental concepts and technologies in information systems</li>



<li>use various programming languages, tools and technologies relevant to information technology</li>



<li>design and manage databases</li>



<li>develop mobile applications</li>



<li>analyze business problems and identify information technologies that can contribute to the solution</li>



<li>know the process of analyzing data and making informed business decisions based on relevant information</li>



<li>implement and adapt information systems according to business requirements, optimizing functionality</li>



<li>develop software applications with a focus on business needs</li>



<li>implement and maintain IT infrastructure, ensuring system stability and security</li>



<li>apply modern project management methodologies</li>



<li>use business intelligence tools and analytical techniques to interpret data and make business decisions</li>



<li>apply security measures and practices to protect information from potential threats</li>
</ul>



<div style="height:100px" aria-hidden="true" class="wp-block-spacer"></div>



<h1 class="wp-block-heading has-white-color has-text-color has-background has-medium-font-size" style="background:linear-gradient(135deg,rgb(20,71,125) 0%,rgb(0,194,255) 100%);font-style:normal;font-weight:700">Događanja na studiju</h1>



<div class="wp-block-group is-layout-grid wp-container-core-group-is-layout-478b6e6b wp-block-group-is-layout-grid">
<figure class="wp-block-image size-large"><a href="https://www.bak.hr/en/otvoreno-je-sedmo-izdanje-natjecaja-za-mlade-inovatore-student-digi-awards/"><img fetchpriority="high" decoding="async" width="1067" height="800" src="https://www.bak.hr/wp-content/uploads/2026/04/DIGI-Awards-edited.jpg" alt="" class="wp-image-22151" srcset="https://www.bak.hr/wp-content/uploads/2026/04/DIGI-Awards-edited.jpg 1067w, https://www.bak.hr/wp-content/uploads/2026/04/DIGI-Awards-edited-300x225.jpg 300w, https://www.bak.hr/wp-content/uploads/2026/04/DIGI-Awards-edited-1024x768.jpg 1024w, https://www.bak.hr/wp-content/uploads/2026/04/DIGI-Awards-edited-768x576.jpg 768w, https://www.bak.hr/wp-content/uploads/2026/04/DIGI-Awards-edited-16x12.jpg 16w" sizes="(max-width: 1067px) 100vw, 1067px" /></a><figcaption class="wp-element-caption"><a href="https://www.bak.hr/en/otvoreno-je-sedmo-izdanje-natjecaja-za-mlade-inovatore-student-digi-awards/" data-type="link" data-id="https://www.bak.hr/otvoreno-je-sedmo-izdanje-natjecaja-za-mlade-inovatore-student-digi-awards/">Otvoreno je sedmo izdanje natječaja za mlade inovatore Student Digi Awards!</a></figcaption></figure>



<figure class="wp-block-image size-full"><a href="https://www.bak.hr/en/dani-karijera-2026-na-veleucilistu-baltazar-zapresic-ljudi-kao-snaga-organizacije/"><img decoding="async" width="2560" height="1920" src="https://www.bak.hr/wp-content/uploads/2026/04/P2273487-edited-scaled.jpg" alt="" class="wp-image-22149" srcset="https://www.bak.hr/wp-content/uploads/2026/04/P2273487-edited-scaled.jpg 2560w, https://www.bak.hr/wp-content/uploads/2026/04/P2273487-edited-300x225.jpg 300w, https://www.bak.hr/wp-content/uploads/2026/04/P2273487-edited-1024x768.jpg 1024w, https://www.bak.hr/wp-content/uploads/2026/04/P2273487-edited-768x576.jpg 768w, https://www.bak.hr/wp-content/uploads/2026/04/P2273487-edited-1536x1152.jpg 1536w, https://www.bak.hr/wp-content/uploads/2026/04/P2273487-edited-2048x1536.jpg 2048w, https://www.bak.hr/wp-content/uploads/2026/04/P2273487-edited-16x12.jpg 16w" sizes="(max-width: 2560px) 100vw, 2560px" /></a><figcaption class="wp-element-caption"><a href="https://www.bak.hr/en/dani-karijera-2026-na-veleucilistu-baltazar-zapresic-ljudi-kao-snaga-organizacije/">Dani karijera 2026. na Veleučilištu Baltazar Zaprešić – Ljudi kao snaga organizacije!</a></figcaption></figure>



<figure class="wp-block-image size-full"><a href="https://www.bak.hr/en/sudjelovanje-na-partnerskoj-medunarodnoj-studentskoj-konferenciji-skei-2026-oblikovanje-odrzive-buducnosti-znanje-inovacije-i-odgovornost/"><img decoding="async" width="443" height="332" src="https://www.bak.hr/wp-content/uploads/2026/04/SKEI-2026-edited.png" alt="" class="wp-image-22148" srcset="https://www.bak.hr/wp-content/uploads/2026/04/SKEI-2026-edited.png 443w, https://www.bak.hr/wp-content/uploads/2026/04/SKEI-2026-edited-300x225.png 300w, https://www.bak.hr/wp-content/uploads/2026/04/SKEI-2026-edited-16x12.png 16w" sizes="(max-width: 443px) 100vw, 443px" /></a><figcaption class="wp-element-caption"><a href="https://www.bak.hr/en/sudjelovanje-na-partnerskoj-medunarodnoj-studentskoj-konferenciji-skei-2026-oblikovanje-odrzive-buducnosti-znanje-inovacije-i-odgovornost/">Od informacija do kompetencija: Obrazovanje koje projektne menadžere priprema za budućnost.</a></figcaption></figure>



<figure class="wp-block-image size-full wp-container-content-9d5fa06b"><a href="https://www.bak.hr/en/tvoja-ulaznica-za-avanturu-zasto-bi-bas-ti-trebao-izabrati-erasmus/"><img loading="lazy" decoding="async" width="1587" height="1190" src="https://www.bak.hr/wp-content/uploads/2026/04/Erasmus-poster-edited.png" alt="" class="wp-image-22147" srcset="https://www.bak.hr/wp-content/uploads/2026/04/Erasmus-poster-edited.png 1587w, https://www.bak.hr/wp-content/uploads/2026/04/Erasmus-poster-edited-300x225.png 300w, https://www.bak.hr/wp-content/uploads/2026/04/Erasmus-poster-edited-1024x768.png 1024w, https://www.bak.hr/wp-content/uploads/2026/04/Erasmus-poster-edited-768x576.png 768w, https://www.bak.hr/wp-content/uploads/2026/04/Erasmus-poster-edited-1536x1152.png 1536w, https://www.bak.hr/wp-content/uploads/2026/04/Erasmus-poster-edited-16x12.png 16w" sizes="(max-width: 1587px) 100vw, 1587px" /></a><figcaption class="wp-element-caption"><a href="https://www.bak.hr/en/tvoja-ulaznica-za-avanturu-zasto-bi-bas-ti-trebao-izabrati-erasmus/">Tvoja ulaznica za avanturu: zašto bi baš TI trebao izabrati Erasmus+&nbsp;</a></figcaption></figure>



<figure class="wp-block-image size-full wp-container-content-9d5fa06b"><a href="https://www.bak.hr/en/dan-otvorenih-vrata-u-poduzecu-apis-it-d-o-o/"><img loading="lazy" decoding="async" width="1080" height="810" src="https://www.bak.hr/wp-content/uploads/2026/04/APIS-IT_Dan-otvorenih-vrata_14.11.2025_Agenda-1-edited.jpg" alt="" class="wp-image-22153" srcset="https://www.bak.hr/wp-content/uploads/2026/04/APIS-IT_Dan-otvorenih-vrata_14.11.2025_Agenda-1-edited.jpg 1080w, https://www.bak.hr/wp-content/uploads/2026/04/APIS-IT_Dan-otvorenih-vrata_14.11.2025_Agenda-1-edited-300x225.jpg 300w, https://www.bak.hr/wp-content/uploads/2026/04/APIS-IT_Dan-otvorenih-vrata_14.11.2025_Agenda-1-edited-1024x768.jpg 1024w, https://www.bak.hr/wp-content/uploads/2026/04/APIS-IT_Dan-otvorenih-vrata_14.11.2025_Agenda-1-edited-768x576.jpg 768w, https://www.bak.hr/wp-content/uploads/2026/04/APIS-IT_Dan-otvorenih-vrata_14.11.2025_Agenda-1-edited-16x12.jpg 16w" sizes="(max-width: 1080px) 100vw, 1080px" /></a><figcaption class="wp-element-caption"><a href="https://www.bak.hr/en/dan-otvorenih-vrata-u-poduzecu-apis-it-d-o-o/">Dan otvorenih vrata u poduzeću APIS IT d.o.o.</a></figcaption></figure>
</div>
